{"id":1619,"date":"2023-09-23T15:59:13","date_gmt":"2023-09-23T14:59:13","guid":{"rendered":"https:\/\/dev.pianoakademien.se\/?page_id=1619"},"modified":"2025-10-19T10:19:22","modified_gmt":"2025-10-19T09:19:22","slug":"sv","status":"publish","type":"page","link":"https:\/\/pianoakademien.se\/","title":{"rendered":"V\u00e4lkommen"},"content":{"rendered":"\n<div class=\"wp-block-group alignwide has-global-padding is-layout-constrained wp-block-group-is-layout-constrained\">\n<h3 class=\"wp-block-heading has-text-align-center\" style=\"font-size:clamp(1.502rem, 1.502rem + ((1vw - 0.2rem) * 1.248), 2.5rem);\"><strong> V\u00e4lkommen till Pianoakademien<strong>!<\/strong> <\/strong><\/h3>\n\n\n\n<p class=\"has-source-serif-pro-font-family\"><em>Genom Pianoakademien vill jag fr\u00e4mja en livsl\u00e5ng l\u00e4randeprocess, och skapa m\u00f6tesplatser d\u00e4r m\u00e4nniskor m\u00f6ts och str\u00e5lar samman med en gemensam passion, nyfikenhet och intresse f\u00f6r musik.<\/em><\/p>\n\n\n\n<p class=\"has-source-serif-pro-font-family\"><em>H\u00e4r f\u00e5r b\u00e5de olika generationer, olika genrer och olika instrument m\u00f6tas, men k\u00e4rnan \u00e4r som namnet antyder\u2026just piano och framf\u00f6rallt konstmusik.<\/em><\/p>\n\n\n\n<p class=\"has-source-serif-pro-font-family\"><em>Genom sp\u00e4nnande samarbeten f\u00f6ds hela tiden nya id\u00e9er och olika projekt f\u00e5r ta form. Vilka konserter, f\u00f6rel\u00e4sningar och kurser \u00e4r p\u00e5 g\u00e5ng i v\u00e5r? L\u00e4s under fliken \u201dAktuellt\u201d!<\/em><\/p>\n\n\n\n<p class=\"has-source-serif-pro-font-family\"><em>V\u00e4l m\u00f6tt!<\/em><\/p>\n\n\n\n<div style=\"height:30px\" aria-hidden=\"true\" class=\"wp-block-spacer\"><\/div>\n\n\n\n<div class=\"wp-block-columns is-layout-flex wp-container-core-columns-is-layout-28f84493 wp-block-columns-is-layout-flex\">\n<div class=\"wp-block-column is-vertically-aligned-top is-layout-flow wp-block-column-is-layout-flow\">\n<p>Helen S\u00e4llfors<\/p>\n\n\n\n<p>Pianist, producent &amp; l\u00e4rare <\/p>\n\n\n\n<p class=\"has-small-font-size\">Telefon: 0705 &#8211; 182001<br>E-post: <a href=\"mailto:helen@pianoakademien.se\" target=\"_blank\" rel=\"noreferrer noopener\">helen@pianoakademien.se<\/a><\/p>\n<\/div>\n\n\n\n<div class=\"wp-block-column is-vertically-aligned-center is-layout-flow wp-block-column-is-layout-flow\">\n<figure class=\"wp-block-image aligncenter size-large is-resized\"><img loading=\"lazy\" decoding=\"async\" width=\"1024\" height=\"919\" src=\"https:\/\/pianoakademien.se\/wp-content\/uploads\/2023\/10\/Helen-Sallfors-1_b3-1024x919.jpg\" alt=\"\" class=\"wp-image-2000\" style=\"width:217px\" srcset=\"https:\/\/pianoakademien.se\/wp-content\/uploads\/2023\/10\/Helen-Sallfors-1_b3-1024x919.jpg 1024w, https:\/\/pianoakademien.se\/wp-content\/uploads\/2023\/10\/Helen-Sallfors-1_b3-300x269.jpg 300w, https:\/\/pianoakademien.se\/wp-content\/uploads\/2023\/10\/Helen-Sallfors-1_b3-768x689.jpg 768w, https:\/\/pianoakademien.se\/wp-content\/uploads\/2023\/10\/Helen-Sallfors-1_b3-1536x1378.jpg 1536w, https:\/\/pianoakademien.se\/wp-content\/uploads\/2023\/10\/Helen-Sallfors-1_b3-2048x1838.jpg 2048w\" sizes=\"auto, (max-width: 1024px) 100vw, 1024px\" \/><\/figure>\n<\/div>\n<\/div>\n<\/div>\n\n\n\n<div class=\"wp-block-group has-global-padding is-layout-constrained wp-container-core-group-is-layout-12243e0f wp-block-group-is-layout-constrained\">\n<div style=\"height:43px\" aria-hidden=\"true\" class=\"wp-block-spacer\"><\/div>\n\n\n\n<div class=\"wp-block-columns is-layout-flex wp-container-core-columns-is-layout-28f84493 wp-block-columns-is-layout-flex\">\n<div class=\"wp-block-column has-border-color has-luminous-vivid-amber-border-color is-layout-flow wp-block-column-is-layout-flow\" style=\"border-width:1px\">\n<p class=\"has-text-align-center\" style=\"font-size:clamp(1.403rem, 1.403rem + ((1vw - 0.2rem) * 1.121), 2.3rem);\"><a href=\"https:\/\/pianoakademien.se\/index.php\/sv\/konserter\/\" data-type=\"page\" data-id=\"1706\">Konserter<\/a><\/p>\n\n\n\n<figure class=\"wp-block-image size-full\"><img loading=\"lazy\" decoding=\"async\" width=\"600\" height=\"400\" src=\"https:\/\/pianoakademien.se\/wp-content\/uploads\/2025\/10\/Helen-foto-4-low.jpg\" alt=\"\" class=\"wp-image-2382\" srcset=\"https:\/\/pianoakademien.se\/wp-content\/uploads\/2025\/10\/Helen-foto-4-low.jpg 600w, https:\/\/pianoakademien.se\/wp-content\/uploads\/2025\/10\/Helen-foto-4-low-300x200.jpg 300w\" sizes=\"auto, (max-width: 600px) 100vw, 600px\" \/><\/figure>\n\n\n\n<div style=\"height:0px\" aria-hidden=\"true\" class=\"wp-block-spacer\"><\/div>\n<\/div>\n\n\n\n<div class=\"wp-block-column has-border-color has-luminous-vivid-amber-border-color is-layout-flow wp-block-column-is-layout-flow\" style=\"border-width:1px\">\n<p class=\"has-text-align-center\" style=\"font-size:clamp(1.403rem, 1.403rem + ((1vw - 0.2rem) * 1.121), 2.3rem);\"><a href=\"https:\/\/pianoakademien.se\/index.php\/sv\/kurser\/\" data-type=\"page\" data-id=\"1718\">Kurser<\/a><\/p>\n\n\n\n<figure class=\"wp-block-image aligncenter size-full\"><a href=\"https:\/\/pianoakademien.se\/index.php\/sv\/kurser\/\"><img loading=\"lazy\" decoding=\"async\" width=\"600\" height=\"416\" src=\"https:\/\/pianoakademien.se\/wp-content\/uploads\/2023\/09\/Flygel.jpg\" alt=\"\" class=\"wp-image-1615\" srcset=\"https:\/\/pianoakademien.se\/wp-content\/uploads\/2023\/09\/Flygel.jpg 600w, https:\/\/pianoakademien.se\/wp-content\/uploads\/2023\/09\/Flygel-300x208.jpg 300w\" sizes=\"auto, (max-width: 600px) 100vw, 600px\" \/><\/a><\/figure>\n\n\n\n<div style=\"height:0px\" aria-hidden=\"true\" class=\"wp-block-spacer\"><\/div>\n<\/div>\n\n\n\n<div class=\"wp-block-column is-vertically-aligned-top has-border-color has-luminous-vivid-amber-border-color is-layout-flow wp-block-column-is-layout-flow\" style=\"border-width:1px\">\n<p class=\"has-text-align-center\" style=\"font-size:clamp(1.403rem, 1.403rem + ((1vw - 0.2rem) * 1.121), 2.3rem);\"><a href=\"https:\/\/pianoakademien.se\/index.php\/sv\/biografi\/\" data-type=\"page\" data-id=\"1715\">Biografi<\/a><\/p>\n\n\n\n<figure class=\"wp-block-image aligncenter size-large\"><a href=\"https:\/\/pianoakademien.se\/index.php\/sv\/biografi\/\"><img loading=\"lazy\" decoding=\"async\" width=\"1024\" height=\"716\" src=\"https:\/\/pianoakademien.se\/wp-content\/uploads\/2023\/10\/Chopin-noter-1024x716.jpg\" alt=\"\" class=\"wp-image-2010\" style=\"object-fit:cover\" srcset=\"https:\/\/pianoakademien.se\/wp-content\/uploads\/2023\/10\/Chopin-noter-1024x716.jpg 1024w, https:\/\/pianoakademien.se\/wp-content\/uploads\/2023\/10\/Chopin-noter-300x210.jpg 300w, https:\/\/pianoakademien.se\/wp-content\/uploads\/2023\/10\/Chopin-noter-768x537.jpg 768w, https:\/\/pianoakademien.se\/wp-content\/uploads\/2023\/10\/Chopin-noter-1536x1074.jpg 1536w, https:\/\/pianoakademien.se\/wp-content\/uploads\/2023\/10\/Chopin-noter-2048x1431.jpg 2048w\" sizes=\"auto, (max-width: 1024px) 100vw, 1024px\" \/><\/a><\/figure>\n\n\n\n<div style=\"height:17px\" aria-hidden=\"true\" class=\"wp-block-spacer\"><\/div>\n<\/div>\n<\/div>\n<\/div>\n","protected":false},"excerpt":{"rendered":"<p>V\u00e4lkommen till Pianoakademien! Genom Pianoakademien vill jag fr\u00e4mja en livsl\u00e5ng l\u00e4randeprocess, och skapa m\u00f6tesplatser d\u00e4r m\u00e4nniskor m\u00f6ts och str\u00e5lar samman med en gemensam passion, nyfikenhet och intresse f\u00f6r musik. H\u00e4r f\u00e5r b\u00e5de olika generationer, olika genrer och olika instrument m\u00f6tas, men k\u00e4rnan \u00e4r som namnet antyder\u2026just piano och framf\u00f6rallt konstmusik. Genom sp\u00e4nnande samarbeten f\u00f6ds hela [&hellip;]<\/p>\n","protected":false},"author":1,"featured_media":0,"parent":0,"menu_order":0,"comment_status":"closed","ping_status":"closed","template":"wp-custom-template-sidmall-sv","meta":{"footnotes":""},"class_list":["post-1619","page","type-page","status-publish","hentry"],"_links":{"self":[{"href":"https:\/\/pianoakademien.se\/index.php\/wp-json\/wp\/v2\/pages\/1619","targetHints":{"allow":["GET"]}}],"collection":[{"href":"https:\/\/pianoakademien.se\/index.php\/wp-json\/wp\/v2\/pages"}],"about":[{"href":"https:\/\/pianoakademien.se\/index.php\/wp-json\/wp\/v2\/types\/page"}],"author":[{"embeddable":true,"href":"https:\/\/pianoakademien.se\/index.php\/wp-json\/wp\/v2\/users\/1"}],"replies":[{"embeddable":true,"href":"https:\/\/pianoakademien.se\/index.php\/wp-json\/wp\/v2\/comments?post=1619"}],"version-history":[{"count":63,"href":"https:\/\/pianoakademien.se\/index.php\/wp-json\/wp\/v2\/pages\/1619\/revisions"}],"predecessor-version":[{"id":2383,"href":"https:\/\/pianoakademien.se\/index.php\/wp-json\/wp\/v2\/pages\/1619\/revisions\/2383"}],"wp:attachment":[{"href":"https:\/\/pianoakademien.se\/index.php\/wp-json\/wp\/v2\/media?parent=1619"}],"curies":[{"name":"wp","href":"https:\/\/api.w.org\/{rel}","templated":true}]}}